What is the remainder when 112 is divided by 35?
7
What is the remainder when 1542 is divided by 258?
252
What is the remainder when 84 is divided by 60?
24
What is the remainder when 357 is divided by 149?
59
Calculate the remainder when 569 is divided by 26.
23
What is the remainder when 63 is divided by 12?
3
Calculate the remainder when 31 is divided by 13.
5
Calculate the remainder when 700 is divided by 176.
172
Calculate the remainder when 325 is divided by 154.
17
What is the remainder when 400 is divided by 65?
10
What is the remainder when 990 is divided by 39?
15
Calculate the remainder when 406 is divided by 16.
6
What is the remainder when 3369 is divided by 671?
14
What is the remainder when 31 is divided by 22?
9
Calculate the remainder when 415 is divided by 42.
37
Calculate the remainder when 622 is divided by 16.
14
What is the remainder when 341 is divided by 6?
5
What is the remainder when 155 is divided by 12?
11
Calculate the remainder when 626 is divided by 190.
56
Calculate the remainder when 103 is divided by 60.
43
Calculate the remainder when 1195 is divided by 296.
11
What is the remainder when 2533 is divided by 842?
7
What is the remainder when 234 is divided by 61?
51
Calculate the remainder when 269 is divided by 15.
14
Calculate the remainder when 84 is divided by 11.
7
Calculate the remainder when 20 is divided by 8.
4
What is the remainder when 374 is divided by 23?
6
Calculate the remainder when 487 is divided by 318.
169
What is the remainder when 183 is divided by 30?
3
What is the remainder when 4958 is divided by 1651?
5
What is the remainder when 2472 is divided by 73?
63
What is the remainder when 253 is divided by 13?
6
What is the remainder when 1574 is divided by 92?
10
Calculate the remainder when 590 is divided by 98.
2
What is the remainder when 2255 is divided by 37?
35
What is the remainder when 263 is divided by 53?
51
Calculate the remainder when 2200 is divided by 71.
70
What is the remainder when 5772 is divided by 231?
228
What is the remainder when 36 is divided by 35?
1
What is the remainder when 59 is divided by 31?
28
Calculate the remainder when 223 is divided by 47.
35
What is the remainder when 205 is divided by 16?
13
Calculate the remainder when 92 is divided by 17.
7
Calculate the remainder when 1996 is divided by 77.
71
Calculate the remainder when 54 is divided by 11.
10
Calculate the remainder when 636 is divided by 16.
12
What is the remainder when 2153 is divided by 22?
19
Calculate the remainder when 1051 is divided by 11.
6
Calculate the remainder when 256 is divided by 38.
28
Calculate the remainder when 1607 is divided by 46.
43
Calculate the remainder when 350 is divided by 109.
23
What is the remainder when 636 is divided by 312?
12
What is the remainder when 2023 is divided by 44?
43
What is the remainder when 908 is divided by 186?
164
What is the remainder when 6604 is divided by 8?
4
Calculate the remainder when 27819 is divided by 20.
19
What is the remainder when 172 is divided by 11?
7
Calculate the remainder when 283 is divided by 89.
16
What is the remainder when 455 is divided by 19?
18
Calculate the remainder when 551 is divided by 543.
8
Calculate the remainder when 379 is divided by 23.
11
Calculate the remainder when 394 is divided by 194.
6
What is the remainder when 242 is divided by 13?
8
What is the remainder when 462 is divided by 15?
12
Calculate the remainder when 182 is divided by 91.
0
Calculate the remainder when 131 is divided by 20.
11
What is the remainder when 538 is divided by 9?
7
What is the remainder when 96 is divided by 40?
16
What is the remainder when 373 is divided by 118?
19
What is the remainder when 1065 is divided by 4?
1
What is the remainder when 18 is divided by 9?
0
What is the remainder when 93 is divided by 10?
3
Calculate the remainder when 100 is divided by 27.
19
What is the remainder when 236 is divided by 82?
72
Calculate the remainder when 152 is divided by 53.
46
What is the remainder when 4575 is divided by 326?
11
Calculate the remainder when 211 is divided by 84.
43
Calculate the remainder when 365 is divided by 56.
29
What is the remainder when 58 is divided by 9?
4
Calculate the remainder when 203 is divided by 70.
63
Calculate the remainder when 956 is divided by 137.
134
What is the remainder when 179 is divided by 48?
35
What is the remainder when 15612 is divided by 123?
114
Calculate the remainder when 1379 is divided by 1343.
36
Calculate the remainder when 1426 is divided by 21.
19
Calculate the remainder when 301 is divided by 8.
5
Calculate the remainder when 7521 is divided by 171.
168
Calculate the remainder when 1843 is divided by 71.
68
What is the remainder when 2233 is divided by 204?
193
Calculate the remainder when 4685 is divided by 334.
9
Calculate the remainder when 6145 is divided by 106.
103
What is the remainder when 392 is divided by 200?
192
Calculate the remainder when 1530 is divided by 77.
67
What is the remainder when 3818 is divided by 19?
18
What is the remainder when 126 is divided by 65?
61
What is the remainder when 10711 is divided by 22?
19
What is the remainder when 4088 is divided by 11?
7
What is the remainder when 126 is divided by 24?
6
What is the remainder when 985 is divided by 17?
16
Calculate the remainder when 2031 is divided by 37.
33
What is the remainder when 521 is divided by 75?
71
What is the remainder when 2240 is divided by 68?
64
What is the remainder when 1007 is divided by 34?
21
What is the remainder when 301 is divided by 50?
1
Calculate the remainder when 11623 is divided by 31.
29
Calculate the remainder when 17915 is divided by 10.
5
Calculate the remainder when 260 is divided by 186.
74
What is the remainder when 257 is divided by 9?
5
Calculate the remainder when 1714 is divided by 78.
76
Calculate the remainder when 182 is divided by 32.
22
Calculate the remainder when 101 is divided by 17.
16
Calculate the remainder when 769 is divided by 87.
73
What is the remainder when 528 is divided by 38?
34
What is the remainder when 371 is divided by 362?
9
What is the remainder when 5092 is divided by 21?
10
What is the remainder when 1274 is divided by 22?
20
Calculate the remainder when 36 is divided by 3.
0
What is the remainder when 357 is divided by 36?
33
What is the remainder when 439 is divided by 88?
87
Calculate the remainder when 3009 is divided by 215.
214
What is the remainder when 267 is divided by 91?
85
What is the remainder when 3245 is divided by 116?
113
What is the remainder when 541 is divided by 91?
86
What is the remainder when 1060 is divided by 36?
16
Calculate the remainder when 350 is divided by 297.
53
What is the remainder when 151 is divided by 73?
5
What is the remainder when 1626 is divided by 68?
62
What is the remainder when 501 is divided by 133?
102
Calculate the remainder when 1339 is divided by 24.
19
What is the remainder when 317 is divided by 106?
105
What is the remainder when 68 is divided by 16?
4
What is the remainder when 2709 is divided by 14?
7
Calculate the remainder when 325 is divided by 100.
25
Calculate the remainder when 1011 is divided by 998.
13
What is the remainder when 187 is divided by 174?
13
What is the remainder when 67 is divided by 56?
11
Calculate the remainder when 1476 is divided by 8.
4
What is the remainder when 423 is divided by 13?
7
What is the remainder when 15 is divided by 8?
7
Calculate the remainder when 735 is divided by 22.
9
What is the remainder when 348 is divided by 22?
18
Calculate the remainder when 594 is divided by 23.
19
What is the remainder when 36693 is divided by 179?
177
What is the remainder when 145 is divided by 21?
19
Calculate the remainder when 224 is divided by 62.
38
Calculate the remainder when 828 is divided by 42.
30
What is the remainder when 286 is divided by 110?
66
Calculate the remainder when 426 is divided by 74.
56
Calculate the remainder when 86 is divided by 22.
20
What is the remainder when 482 is divided by 36?
14
Calculate the remainder when 797 is divided by 355.
87
What is the remainder when 7436 is divided by 24?
20
What is the remainder when 137 is divided by 125?
12
What is the remainder when 528 is divided by 13?
8
What is the r